{"id":87,"date":"2016-12-30T09:20:05","date_gmt":"2016-12-30T09:20:05","guid":{"rendered":"http:\/\/tomtomkratz.de\/?page_id=87"},"modified":"2026-05-11T15:15:46","modified_gmt":"2026-05-11T15:15:46","slug":"termine-oeffentlich","status":"publish","type":"page","link":"https:\/\/tomtomkratz.de\/?page_id=87","title":{"rendered":"Termine (\u00f6ffentlich)"},"content":{"rendered":"<p>\u00d6ffentliche Termine sind f\u00fcr mich mit die sch\u00f6nsten.<\/p>\n<p>Leute bleiben stehen und entscheiden freiwillig, sich meine Shows anzuschauen.<\/p>\n<p><strong>20.\/ 21.06.2026<\/strong>\u00a0 50j\u00e4hriges Jubil\u00e4um Glentleiten &#8211; Tom Kratz &#8222;Stra\u00dfenzauberei&#8220;<\/p>\n<p><strong>05.07.2026<\/strong>\u00a0 Franz\u00f6sische Woche Weilheim &#8211; ein erste Blick auf den &#8222;Vagawunderer&#8220;<\/p>\n<p><strong>09.08.2026<\/strong>\u00a0 Familientag B\u00f6bing Open Air &#8211; Toom Kratz &#8222;Stra\u00dfenzauberei und der Vagawunderer&#8220;<\/p>\n<p><strong>04.09.2026<\/strong>\u00a0 &#8222;Hagenbeck und Kratz &#8211; so nicht Freundchen!&#8220; in der <a href=\"https:\/\/hofbuehne-wm.de\/\">Hofb\u00fchne Weilheim<\/a>\u00a0<\/p>\n<p><strong>05.09.2026<\/strong>\u00a0 &#8222;Tom Kratz, der Vagawunderer&#8220; Zauberei f\u00fcr Kinder in der <a href=\"https:\/\/hofbuehne-wm.de\/\">Hofb\u00fchne Weilheim<\/a><\/p>\n<p><strong>05.09.2026<\/strong>\u00a0 &#8222;Hagenbeck und Kratz &#8211; so nicht Freundchen!&#8220; in der <a href=\"https:\/\/hofbuehne-wm.de\/\">Hofb\u00fchne Weilheim<\/a><\/p>\n<p><strong>11.\/ 12.09.2026<\/strong>\u00a0 Stra\u00dfen!Zauber!Festival! 2026 in Weilheim\u00a0<\/p>\n<p><strong>und immer wieder gibt es Kleinkunst in der <a href=\"https:\/\/hofbuehne-wm.de\/\">Hofb\u00fchne Weilheim<\/a> und Zauberei beim Weilheimer Brettl!<\/strong><\/p>\n\n\n<p><\/p>\n","protected":false},"excerpt":{"rendered":"<p>\u00d6ffentliche Termine sind f\u00fcr mich mit die sch\u00f6nsten. Leute bleiben stehen und entscheiden freiwillig, sich meine Shows anzuschauen. 20.\/ 21.06.2026\u00a0 50j\u00e4hriges Jubil\u00e4um Glentleiten &#8211; Tom Kratz &#8222;Stra\u00dfenzauberei&#8220; 05.07.2026\u00a0 Franz\u00f6sische Woche Weilheim &#8211; ein erste Blick auf den &#8222;Vagawunderer&#8220; 09.08.2026\u00a0 Familientag B\u00f6bing Open Air &#8211; Toom Kratz &#8222;Stra\u00dfenzauberei und der Vagawunderer&#8220;&#8230;<\/p>\n","protected":false},"author":1,"featured_media":0,"parent":0,"menu_order":0,"comment_status":"closed","ping_status":"closed","template":"","meta":[],"_links":{"self":[{"href":"https:\/\/tomtomkratz.de\/index.php?rest_route=\/wp\/v2\/pages\/87"}],"collection":[{"href":"https:\/\/tomtomkratz.de\/index.php?rest_route=\/wp\/v2\/pages"}],"about":[{"href":"https:\/\/tomtomkratz.de\/index.php?rest_route=\/wp\/v2\/types\/page"}],"author":[{"embeddable":true,"href":"https:\/\/tomtomkratz.de\/index.php?rest_route=\/wp\/v2\/users\/1"}],"replies":[{"embeddable":true,"href":"https:\/\/tomtomkratz.de\/index.php?rest_route=%2Fwp%2Fv2%2Fcomments&post=87"}],"version-history":[{"count":69,"href":"https:\/\/tomtomkratz.de\/index.php?rest_route=\/wp\/v2\/pages\/87\/revisions"}],"predecessor-version":[{"id":468,"href":"https:\/\/tomtomkratz.de\/index.php?rest_route=\/wp\/v2\/pages\/87\/revisions\/468"}],"wp:attachment":[{"href":"https:\/\/tomtomkratz.de\/index.php?rest_route=%2Fwp%2Fv2%2Fmedia&parent=87"}],"curies":[{"name":"wp","href":"https:\/\/api.w.org\/{rel}","templated":true}]}}