{"id":302,"date":"2019-05-24T10:19:51","date_gmt":"2019-05-24T10:19:51","guid":{"rendered":"http:\/\/tomtomkratz.de\/?page_id=302"},"modified":"2023-06-08T07:11:13","modified_gmt":"2023-06-08T07:11:13","slug":"programme-und-preise","status":"publish","type":"page","link":"https:\/\/tomtomkratz.de\/?page_id=302","title":{"rendered":"Programme und Preise"},"content":{"rendered":"<p><strong>Zaubern f\u00fcr Erwachsene<\/strong><\/p>\n<p>Was ist Zauberei f\u00fcr Erwachsene? Das ist doch nur was f\u00fcr Kinder! Wer das denkt, irrt sich gewaltig und hat mich noch nicht zaubern gesehen. Direkt vor Ihren Augen ohne Kameratricks geschehen Wunder und Unfassbares. Ob am Tisch oder Standup (frontal f\u00fcr alle), Sie werden Ihren Augen nicht trauen oder Ihre G\u00e4ste oder Ihre Mitarbeiter. Das Ganze nat\u00fcrlich ohne Frack!<\/p>\n<p><strong>Preise<\/strong><\/p>\n<p>Mei, was soll ich sagen. Es gibt keine Preisliste. Kein Auftritt au\u00dferhalb eines Theaters ist wie der andere. Nat\u00fcrlich habe ich feste gut einstudierte Programme. Oftmals aber entscheiden auch die Rahmenbedingungen, welcher Aufwand n\u00f6tig ist, um Ihnen und Ihren G\u00e4sten eine besonderes Erlebnis zu gew\u00e4hrleisten.<\/p>\n<p>Es ist jedes Mal ma\u00dfgeschneidert. Aber es ist nicht so teuer wie Sie denken. Rufen Sie mich einfach an unter<\/p>\n<p>+49 172 82 62 623<\/p>\n<p>oder schreiben Sie mir eine Mail an<\/p>\n<p>tom@tomtomkratz.de.<\/p>\n<p>Lassen Sie mich Ihre G\u00e4ste verzaubern.<\/p>\n\n\n<p><\/p>\n","protected":false},"excerpt":{"rendered":"<p>Zaubern f\u00fcr Erwachsene Was ist Zauberei f\u00fcr Erwachsene? Das ist doch nur was f\u00fcr Kinder! Wer das denkt, irrt sich gewaltig und hat mich noch nicht zaubern gesehen. Direkt vor Ihren Augen ohne Kameratricks geschehen Wunder und Unfassbares. Ob am Tisch oder Standup (frontal f\u00fcr alle), Sie werden Ihren Augen&#8230;<\/p>\n","protected":false},"author":1,"featured_media":0,"parent":0,"menu_order":0,"comment_status":"closed","ping_status":"closed","template":"","meta":[],"_links":{"self":[{"href":"https:\/\/tomtomkratz.de\/index.php?rest_route=\/wp\/v2\/pages\/302"}],"collection":[{"href":"https:\/\/tomtomkratz.de\/index.php?rest_route=\/wp\/v2\/pages"}],"about":[{"href":"https:\/\/tomtomkratz.de\/index.php?rest_route=\/wp\/v2\/types\/page"}],"author":[{"embeddable":true,"href":"https:\/\/tomtomkratz.de\/index.php?rest_route=\/wp\/v2\/users\/1"}],"replies":[{"embeddable":true,"href":"https:\/\/tomtomkratz.de\/index.php?rest_route=%2Fwp%2Fv2%2Fcomments&post=302"}],"version-history":[{"count":4,"href":"https:\/\/tomtomkratz.de\/index.php?rest_route=\/wp\/v2\/pages\/302\/revisions"}],"predecessor-version":[{"id":463,"href":"https:\/\/tomtomkratz.de\/index.php?rest_route=\/wp\/v2\/pages\/302\/revisions\/463"}],"wp:attachment":[{"href":"https:\/\/tomtomkratz.de\/index.php?rest_route=%2Fwp%2Fv2%2Fmedia&parent=302"}],"curies":[{"name":"wp","href":"https:\/\/api.w.org\/{rel}","templated":true}]}}